e greatest common factor of g and m.
18
Let a = -2950 - -3006. What is the highest common divisor of 2632 and a?
56
Suppose 3*w = 3*j - 1340 - 2122, -3*w + 15 = 0. What is the highest common divisor of 76 and j?
19
Suppose 63759*m = 63666*m + 70587. Let i(l) = 65*l + 1. Let g be i(1). What is the greatest common divisor of g and m?
33
Let s be 2/(-7) - (456/21 + 4). Let m(x) = x**3 + 24*x**2 - 53*x - 18. Let n be m(s). Calculate the greatest common factor of 216 and n.
8
Suppose 0 + 15 = 5*v - x, -2*v - 4*x = 16. Suppose -2*o - 27 = -5*w + 49, -v*o + w = 68. Let h = o + 63. What is the highest common factor of 75 and h?
15
Let f(y) = -9*y**3 + y**2 - 3*y + 3. Let t be f(1). Let x be (t/(-8))/((-2)/(-142)). Let g = -1 + x. Calculate the highest common factor of 14 and g.
14
Suppose -2765 = 889*s - 924*s. Calculate the greatest common factor of 8137 and s.
79
Let u(b) = b**3 + 8*b**2 - b + 6. Let a be u(-6). Let p be 22 - 18/5*(-6 + (-117)/(-27)). What is the highest common factor of p and a?
28
Suppose -4*b + 2012 = -2*l, 29*l - 33*l - 2506 = -5*b. What is the greatest common divisor of b and 1840?
46
Suppose -4*h - 23 = -3*f, 0 = h - 0 - 4. Let s be (-1 - 1)/((-14)/(f + -6)). Let l be -10*3/(-6) + s. What is the greatest common divisor of l and 9?
3
Let k(p) = -p**2 - 10*p + 13. Let g be k(-11). Let h be (-3)/(-12) - ((-135)/20 + g). Suppose -h*a + 52 = -58. What is the greatest common divisor of 198 and a?
22
Let t be 814/2 - (-1 + 1). Let r = 563 - 540. Let q(a) = -a**3 + 23*a**2 + 3*a - 32. Let s be q(r). Calculate the greatest common divisor of s and t.
37
Let u(o) = -o**3 + 16*o**2 + 42*o - 114. Let x be u(18). Let q(w) = -9*w - 4. Let n be q(x). Calculate the highest common divisor of 225 and n.
25
Suppose -2550 = 2459*l - 2464*l. What is the greatest common divisor of l and 390?
30
Let t be (-16)/(-28) - (9774/(-21) - -7). What is the highest common divisor of 34 and t?
17
Let s be (4766 - 2)*(-130)/(-195). Calculate the greatest common factor of 8 and s.
8
Let h = -989 + 13144. Calculate the highest common divisor of h and 255.
85
Suppose -176*p - 129 = -179*p + 3*o, 2*p + 5*o = 114. Calculate the greatest common factor of p and 2021.
47
Suppose -11*j + 71 = 27. Suppose j*q = -7*v + 5*v + 34, 5*v = q + 63. What is the greatest common factor of 91 and v?
13
Let f = -1356 + 1433. Calculate the greatest common divisor of 5621 and f.
77
Suppose -3*f - 60 = -4*f - 3*h, -3*h = -2*f + 93. What is the greatest common factor of f and 3?
3
Suppose -41*v + 39*v = -16. Suppose -3*l = -v*l + 20, -l = -4*h + 52. Calculate the highest common factor of h and 434.
14
Suppose -44*s + 518 = -15*s - 15*s. What is the greatest common divisor of s and 17?
1
Let n be (-4 - -37 - (0 + -1)) + 3. Suppose 178 = n*a - 1709. Let d be -68*3/(-6)*2. Calculate the highest common divisor of a and d.
17
Suppose -n = -2*h + 2*n + 204, 0 = 5*n + 10. Let m = h + 46. Calculate the highest common divisor of 58 and m.
29
Let a(o) = o**3 + 9*o**2 + 9*o + 9. Let r be a(-8). Let d be 4/(-4) + r + 2. Let m be 8/10 + 8/40. Calculate the greatest common factor of d and m.
1
Let h be 5/(-8 - 546/(-68)). What is the highest common factor of h and 990?
10
Let m be ((-19419)/(-9))/(130/30) - (-1)/13. Calculate the greatest common factor of 48 and m.
6
Suppose -262*g - 4739 = -52423. What is the highest common divisor of g and 56?
14
Let j = 3055 + -2715. What is the greatest common factor of j and 20?
20
Suppose 0 = -m + 2*u + 1092, 1406 - 341 = m - 5*u. Calculate the greatest common factor of m and 2886.
222
Suppose 64 + 264 = -4*l. Let y = -79 - l. What is the highest common factor of y and 15?
3
Let f(w) = 4*w**2 + 96*w + 141. Let q be f(-23). Let l(u) = u**2 - 4*u - 10. Let n be l(9). What is the highest common divisor of q and n?
7
Let x be (9/(-2) + 2)*-14. Suppose 12 + 120 = 22*t. Suppose -488 = -t*b + 4*b - r, 3*b - 4*r - 743 = 0. Calculate the highest common factor of b and x.
35
Let x be (-72)/96*(17/(-3) - 1). Suppose -11*u + 14*u - 137 = -4*h, x*h - 3*u = 151. Calculate the highest common factor of h and 184.
8
Suppose 1 = 2*m - 671. Let y be 19 - (6/(-6) + -1). Calculate the highest common divisor of y and m.
21
Let s(c) = c**3 + c**2 - 21*c - 2. Let w be s(-5). Suppose -w*x = 10 - 1, -4*p + 4*x + 72 = 0. Calculate the greatest common factor of p and 10.
5
Let v(o) = 24*o**2 + 4*o + 2. Let t be v(-2). Let a(k) = -978*k - 343128. Let g be a(-351). What is the greatest common factor of g and t?
30
Let x = -35374 + 35554. Calculate the greatest common divisor of x and 9360.
180
Let m(n) = n**2 + 27*n + 54. Let t be m(-25). Let y be ((-4)/8)/(t - (-420)/(-104)). Calculate the highest common divisor of 572 and y.
13
Suppose 4*f - 215 = -2*c - 35, 3*c = 6*f + 354. What is the highest common divisor of 78 and c?
26
Suppose -2*g + 99 + 209 = 0. Let o = 76745 + -76569. Calculate the highest common factor of o and g.
22
Let u be ((-2)/12)/(8/(-111792)). Calculate the highest common divisor of u and 411.
137
Suppose 30*p - 12540 = -48*p + 2*p. Calculate the highest common factor of 1716 and p.
33
Let x = -2369 + 3777. What is the highest common divisor of 128 and x?
128
Let j(l) = -l**2 - 46*l + 47. Let m(i) = -i**3 - 17*i**2 - 29*i - 14. Let a be m(-15). Let f be j(a). What is the highest common divisor of 24 and f?
12
Let g = 87 + -85. Let y be (-4)/g - (-8 + -113). Suppose 5*j - y = -99. Calculate the highest common divisor of 3 and j.
1
Let k = 6797 - 6687. What is the greatest common factor of k and 1485?
55
Let j = -151 - -40. Suppose -2*g = 2*r - 374, -7*r + 903 = -2*r - 3*g. Let p = r + j. What is the greatest common factor of 24 and p?
24
Let t be 3/3 - (-74)/2. Let i be 994*(0 + (-2)/(-3 + -1)). Let m = i + -231. Calculate the highest common divisor of t and m.
38
Let i(j) = -j**2 + 11*j + 3. Let x be i(0). Suppose 5*d - x*n - 84 = -0*n, -5*d = n - 72. Calculate the highest common divisor of d and 33.
3
Let l be 1900/((-5)/5)*(-120)/80. Calculate the highest common factor of l and 300.
150
Let b be (25/5 + -113)/(-2). Suppose 0 = 4*q + 4*p - 584, 55*q - b*q + 2*p - 145 = 0. What is the greatest common divisor of 168 and q?
21
Let o(f) = f**2 + 19*f + 27. Let h be o(-19). Suppose 5*j - h = -2*l, -5*l = 2*j + 6 - 21. Let z = 7 - -2. Calculate the greatest common factor of l and z.
1
Let r = -20210 + 20524. Calculate the highest common factor of 6 and r.
2
Let p = -88 - -77. Let u(g) = g**2 - 2*g + 2. Let c be u(2). Let l = c - p. Calculate the highest common divisor of l and 52.
13
Let b = 98 - 254. Let o be (18/21)/(b/56 + 3). Let h be ((-533)/169 + o/26)*-1. What is the greatest common divisor of 57 and h?
3
Suppose 1026*c - 39024 = -58*c. Suppose 2*r = -2*r + 32. Calculate the highest common divisor of c and r.
4
Suppose 84*j - 81*j = 5*g + 23090, 30840 = 4*j + 4*g. Calculate the greatest common divisor of j and 230.
115
Let j be 2/((-12)/19) - 2/(-12). Let a be -3 - 10/j - (-136)/6. Suppose a*t + 162 = 32*t. Calculate the highest common divisor of 4 and t.
2
Suppose -253 = -k + 2*f, -479 - 573 = -4*k - 2*f. Let j = -241 + k. Calculate the highest common divisor of j and 5.
5
Suppose -2674 = -0*h + 3*h - 5*h. Calculate the greatest common factor of h and 14.
7
Suppose 3*u + 0 = -5*m + 6, 0 = -2*m. Suppose -z - 22 = -u*z. Let d = -8 + z. Calculate the highest common factor of d and 7.
7
Suppose 2*j - 4*y - 976 = 0, 7*y - 2*y - 467 = -j. Suppose -10*x = 122 - j. Calculate the highest common divisor of x and 306.
18
Let q(a) = 2*a**3 - 34*a**2 - 2*a + 39. Let n be q(17). Suppose -x + n*l + 50 = 9, 5*l = 3*x - 73. Calculate the greatest common divisor of 24 and x.
8
Suppose -5*o + 5*f - 25 = 0, 0 = 3*o - f + 4*f + 33. Let q be 25/10 - 4/o. What is the greatest common divisor of 7 and q?
1
Suppose 0 = -2*n - n + 12. Suppose l + p + 39 = -3, n*l = p - 163. Let y = l + 60. Calculate the greatest common factor of 76 and y.
19
Let z be ((-82)/(-7) - -4)*(36 + (-104)/(-8)). What is the highest common divisor of 4158 and z?
154
Suppose 21*f - 165006 + 52221 = 6*f. Calculate the highest common divisor of 73 and f.
73
Suppose -5*h = -3*h - 4. Suppose 115 - 17 = h*k. Suppose -a + c = -k, 5*a - c = 176 + 77. What is the greatest common divisor of a and 408?
51
Let b = 135 + -62. Le